[INFO] cloning repository https://github.com/Pulgovisk/db-exp
[INFO] running `Command { std: "git" "-c" "credential.helper=" "-c" "credential.helper=/workspace/cargo-home/bin/git-credential-null" "clone" "--bare" "https://github.com/Pulgovisk/db-exp" "/workspace/cache/git-repos/https%3A%2F%2Fgithub.com%2FPulgovisk%2Fdb-exp", kill_on_drop: false }`
[INFO] [stderr] Cloning into bare repository '/workspace/cache/git-repos/https%3A%2F%2Fgithub.com%2FPulgovisk%2Fdb-exp'...
[INFO] running `Command { std: "git" "rev-parse" "HEAD", kill_on_drop: false }`
[INFO] [stdout] ad092ee6558ed0d8acfa8f622ae291aada8b8b75
[INFO] checking Pulgovisk/db-exp against master#cfbc6d4cf1acbac5c025acf8ed68929caa551df3 for pr-75494-beta
[INFO] running `Command { std: "git" "clone" "/workspace/cache/git-repos/https%3A%2F%2Fgithub.com%2FPulgovisk%2Fdb-exp" "/workspace/builds/worker-1/source", kill_on_drop: false }`
[INFO] [stderr] Cloning into '/workspace/builds/worker-1/source'...
[INFO] [stderr] done.
[INFO] validating manifest of git repo https://github.com/Pulgovisk/db-exp on toolchain cfbc6d4cf1acbac5c025acf8ed68929caa551df3
[INFO] running `Command { std: "/workspace/cargo-home/bin/cargo" "+cfbc6d4cf1acbac5c025acf8ed68929caa551df3" "read-manifest" "--manifest-path" "Cargo.toml", kill_on_drop: false }`
[INFO] started tweaking git repo https://github.com/Pulgovisk/db-exp
[INFO] finished tweaking git repo https://github.com/Pulgovisk/db-exp
[INFO] tweaked toml for git repo https://github.com/Pulgovisk/db-exp written to /workspace/builds/worker-1/source/Cargo.toml
[INFO] crate git repo https://github.com/Pulgovisk/db-exp already has a lockfile, it will not be regenerated
[INFO] running `Command { std: "/workspace/cargo-home/bin/cargo" "+cfbc6d4cf1acbac5c025acf8ed68929caa551df3" "fetch" "--locked" "--manifest-path" "Cargo.toml", kill_on_drop: false }`
[INFO] [stderr]     Blocking waiting for file lock on package cache
[INFO] [stderr] error: the lock file /workspace/builds/worker-1/source/Cargo.lock needs to be updated but --locked was passed to prevent this
[INFO] [stderr] If you want to try to generate the lock file without accessing the network, use the --offline flag.
[INFO] the lockfile is outdated, regenerating it
[INFO] running `Command { std: "/workspace/cargo-home/bin/cargo" "+cfbc6d4cf1acbac5c025acf8ed68929caa551df3" "generate-lockfile" "--manifest-path" "Cargo.toml" "-Zno-index-update", kill_on_drop: false }`
[INFO] [stderr]     Blocking waiting for file lock on package cache
[INFO] running `Command { std: "/workspace/cargo-home/bin/cargo" "+cfbc6d4cf1acbac5c025acf8ed68929caa551df3" "fetch" "--locked" "--manifest-path" "Cargo.toml", kill_on_drop: false }`
[INFO] [stderr]     Blocking waiting for file lock on package cache
[INFO] [stderr]     Blocking waiting for file lock on package cache
[INFO] running `Command { std: "docker" "create" "-v" "/var/lib/crater-agent-workspace/builds/worker-1/target:/opt/rustwide/target:rw,Z" "-v" "/var/lib/crater-agent-workspace/builds/worker-1/source:/opt/rustwide/workdir:ro,Z" "-v" "/var/lib/crater-agent-workspace/cargo-home:/opt/rustwide/cargo-home:ro,Z" "-v" "/var/lib/crater-agent-workspace/rustup-home:/opt/rustwide/rustup-home:ro,Z" "-e" "SOURCE_DIR=/opt/rustwide/workdir" "-e" "CARGO_TARGET_DIR=/opt/rustwide/target" "-e" "CARGO_HOME=/opt/rustwide/cargo-home" "-e" "RUSTUP_HOME=/opt/rustwide/rustup-home" "-w" "/opt/rustwide/workdir" "-m" "1610612736" "--user" "0:0" "--network" "none" "rustops/crates-build-env@sha256:a636fd89d022f18117e1dc8fb37a0a009933cdbbe082814857f0e2024962d47c" "/opt/rustwide/cargo-home/bin/cargo" "+cfbc6d4cf1acbac5c025acf8ed68929caa551df3" "metadata" "--no-deps" "--format-version=1", kill_on_drop: false }`
[INFO] [stdout] acf6f78bd5eb376d86b1cd4c7fc7cd6d1f5081768d5a77e145eb369d802314b5
[INFO] [stderr] WARNING: Your kernel does not support swap limit capabilities or the cgroup is not mounted. Memory limited without swap.
[INFO] running `Command { std: "docker" "start" "-a" "acf6f78bd5eb376d86b1cd4c7fc7cd6d1f5081768d5a77e145eb369d802314b5", kill_on_drop: false }`
[INFO] running `Command { std: "docker" "inspect" "acf6f78bd5eb376d86b1cd4c7fc7cd6d1f5081768d5a77e145eb369d802314b5", kill_on_drop: false }`
[INFO] running `Command { std: "docker" "rm" "-f" "acf6f78bd5eb376d86b1cd4c7fc7cd6d1f5081768d5a77e145eb369d802314b5", kill_on_drop: false }`
[INFO] [stdout] acf6f78bd5eb376d86b1cd4c7fc7cd6d1f5081768d5a77e145eb369d802314b5
[INFO] running `Command { std: "docker" "create" "-v" "/var/lib/crater-agent-workspace/builds/worker-1/target:/opt/rustwide/target:rw,Z" "-v" "/var/lib/crater-agent-workspace/builds/worker-1/source:/opt/rustwide/workdir:ro,Z" "-v" "/var/lib/crater-agent-workspace/cargo-home:/opt/rustwide/cargo-home:ro,Z" "-v" "/var/lib/crater-agent-workspace/rustup-home:/opt/rustwide/rustup-home:ro,Z" "-e" "SOURCE_DIR=/opt/rustwide/workdir" "-e" "CARGO_TARGET_DIR=/opt/rustwide/target" "-e" "CARGO_INCREMENTAL=0" "-e" "RUST_BACKTRACE=full" "-e" "RUSTFLAGS=--cap-lints=forbid" "-e" "CARGO_HOME=/opt/rustwide/cargo-home" "-e" "RUSTUP_HOME=/opt/rustwide/rustup-home" "-w" "/opt/rustwide/workdir" "-m" "1610612736" "--user" "0:0" "--network" "none" "rustops/crates-build-env@sha256:a636fd89d022f18117e1dc8fb37a0a009933cdbbe082814857f0e2024962d47c" "/opt/rustwide/cargo-home/bin/cargo" "+cfbc6d4cf1acbac5c025acf8ed68929caa551df3" "check" "--frozen" "--all" "--all-targets" "--message-format=json", kill_on_drop: false }`
[INFO] [stdout] 1f36b8dd12239a4b9b6e4061b91079368ad298134ef988ebf99e3859074baa0c
[INFO] [stderr] WARNING: Your kernel does not support swap limit capabilities or the cgroup is not mounted. Memory limited without swap.
[INFO] running `Command { std: "docker" "start" "-a" "1f36b8dd12239a4b9b6e4061b91079368ad298134ef988ebf99e3859074baa0c", kill_on_drop: false }`
[INFO] [stderr]    Compiling libc v0.2.76
[INFO] [stderr]    Compiling proc-macro2 v1.0.19
[INFO] [stderr]    Compiling syn v1.0.39
[INFO] [stderr]    Compiling log v0.4.11
[INFO] [stderr]     Checking futures-core v0.3.5
[INFO] [stderr]     Checking futures-sink v0.3.5
[INFO] [stderr]     Checking smallvec v1.4.2
[INFO] [stderr]     Checking bytes v0.5.6
[INFO] [stderr]     Checking fnv v1.0.7
[INFO] [stderr]     Checking arc-swap v0.4.7
[INFO] [stderr]     Checking once_cell v1.4.1
[INFO] [stderr]     Checking scopeguard v1.1.0
[INFO] [stderr]     Checking futures-io v0.3.5
[INFO] [stderr]     Checking pin-utils v0.1.0
[INFO] [stderr]     Checking pin-project-lite v0.1.7
[INFO] [stderr]    Compiling serde_derive v1.0.115
[INFO] [stderr]     Checking instant v0.1.6
[INFO] [stderr]     Checking itoa v0.4.6
[INFO] [stderr]     Checking ppv-lite86 v0.2.9
[INFO] [stderr]     Checking either v1.6.0
[INFO] [stderr]     Checking quick-error v1.2.3
[INFO] [stderr]     Checking linked-hash-map v0.5.3
[INFO] [stderr]     Checking match_cfg v0.1.0
[INFO] [stderr]     Checking regex-syntax v0.6.18
[INFO] [stderr]    Compiling encoding_rs v0.8.23
[INFO] [stderr]    Compiling serde_json v1.0.57
[INFO] [stderr]     Checking unicode-xid v0.2.1
[INFO] [stderr]     Checking mime v0.3.16
[INFO] [stderr]     Checking base64 v0.11.0
[INFO] [stderr]    Compiling askama_escape v0.10.1
[INFO] [stderr]     Checking humansize v1.1.0
[INFO] [stderr]     Checking fallible-iterator v0.2.0
[INFO] [stderr]     Checking fallible-streaming-iterator v0.1.9
[INFO] [stderr]     Checking termcolor v1.1.0
[INFO] [stderr]    Compiling num-traits v0.2.12
[INFO] [stderr]    Compiling hashbrown v0.8.2
[INFO] [stderr]    Compiling num-integer v0.1.43
[INFO] [stderr]    Compiling indexmap v1.5.1
[INFO] [stderr]     Checking thread_local v1.0.1
[INFO] [stderr]     Checking tracing-core v0.1.14
[INFO] [stderr]    Compiling crossbeam-utils v0.7.2
[INFO] [stderr]     Checking lock_api v0.4.1
[INFO] [stderr]     Checking lock_api v0.3.4
[INFO] [stderr]    Compiling brotli-sys v0.3.2
[INFO] [stderr]     Checking miniz_oxide v0.4.1
[INFO] [stderr]     Checking unicode-normalization v0.1.13
[INFO] [stderr]     Checking futures-channel v0.3.5
[INFO] [stderr]     Checking futures-task v0.3.5
[INFO] [stderr]    Compiling nom v5.1.2
[INFO] [stderr]     Checking humantime v1.3.0
[INFO] [stderr]    Compiling libsqlite3-sys v0.18.0
[INFO] [stderr]     Checking lru-cache v0.1.2
[INFO] [stderr]    Compiling memchr v2.3.3
[INFO] [stderr]     Checking http v0.2.1
[INFO] [stderr]     Checking bytestring v0.1.5
[INFO] [stderr]     Checking crc32fast v1.2.0
[INFO] [stderr]     Checking aho-corasick v0.7.13
[INFO] [stderr]     Checking fxhash v0.2.1
[INFO] [stderr]     Checking tracing v0.1.19
[INFO] [stderr]     Checking idna v0.2.0
[INFO] [stderr]     Checking crossbeam-channel v0.4.3
[INFO] [stderr]    Compiling quote v1.0.7
[INFO] [stderr]     Checking iovec v0.1.4
[INFO] [stderr]     Checking net2 v0.2.34
[INFO] [stderr]     Checking signal-hook-registry v1.2.1
[INFO] [stderr]     Checking parking_lot_core v0.8.0
[INFO] [stderr]     Checking num_cpus v1.13.0
[INFO] [stderr]     Checking getrandom v0.1.14
[INFO] [stderr]     Checking socket2 v0.3.12
[INFO] [stderr]     Checking backtrace v0.3.50
[INFO] [stderr]     Checking time v0.1.43
[INFO] [stderr]     Checking hostname v0.3.1
[INFO] [stderr]     Checking flate2 v1.0.17
[INFO] [stderr]     Checking parking_lot_core v0.7.2
[INFO] [stderr]     Checking atty v0.2.14
[INFO] [stderr]     Checking url v2.1.1
[INFO] [stderr]     Checking mio v0.6.22
[INFO] [stderr]     Checking threadpool v1.8.1
[INFO] [stderr]     Checking rand_core v0.5.1
[INFO] [stderr]     Checking resolv-conf v0.6.3
[INFO] [stderr]     Checking parking_lot v0.11.0
[INFO] [stderr]     Checking parking_lot v0.10.2
[INFO] [stderr]     Checking regex v1.3.9
[INFO] [stderr]     Checking rand_chacha v0.2.2
[INFO] [stderr]     Checking chrono v0.4.15
[INFO] [stderr]     Checking scheduled-thread-pool v0.2.5
[INFO] [stderr]     Checking r2d2 v0.8.9
[INFO] [stderr]     Checking rand v0.7.3
[INFO] [stderr]     Checking mio-uds v0.6.8
[INFO] [stderr]     Checking tokio v0.2.22
[INFO] [stderr]     Checking env_logger v0.7.1
[INFO] [stderr]     Checking brotli2 v0.3.2
[INFO] [stderr]     Checking tokio-util v0.2.0
[INFO] [stderr]     Checking tokio-util v0.3.1
[INFO] [stderr]     Checking actix-codec v0.2.0
[INFO] [stderr]    Compiling synstructure v0.12.4
[INFO] [stderr]     Checking rusqlite v0.23.1
[INFO] [stderr]     Checking r2d2_sqlite v0.16.0
[INFO] [stderr]    Compiling pin-project-internal v0.4.23
[INFO] [stderr]    Compiling futures-macro v0.3.5
[INFO] [stderr]    Compiling derive_more v0.99.9
[INFO] [stderr]    Compiling actix-macros v0.1.2
[INFO] [stderr]    Compiling failure_derive v0.1.8
[INFO] [stderr]    Compiling enum-as-inner v0.3.3
[INFO] [stderr]    Compiling async-trait v0.1.38
[INFO] [stderr]    Compiling actix-web-codegen v0.2.2
[INFO] [stderr]    Compiling actix_derive v0.5.0
[INFO] [stderr]     Checking failure v0.1.8
[INFO] [stderr]     Checking pin-project v0.4.23
[INFO] [stderr]     Checking futures-util v0.3.5
[INFO] [stderr]     Checking actix-threadpool v0.3.3
[INFO] [stderr]     Checking serde v1.0.115
[INFO] [stderr]     Checking futures-executor v0.3.5
[INFO] [stderr]     Checking actix-service v1.0.6
[INFO] [stderr]     Checking actix-rt v1.1.1
[INFO] [stderr]     Checking h2 v0.2.6
[INFO] [stderr]     Checking futures v0.3.5
[INFO] [stderr]     Checking trust-dns-proto v0.18.0-alpha.2
[INFO] [stderr]     Checking actix-utils v1.0.6
[INFO] [stderr]     Checking actix-server v1.0.3
[INFO] [stderr]     Checking actix-tls v1.0.0
[INFO] [stderr]     Checking actix-testing v1.0.1
[INFO] [stderr]     Checking trust-dns-resolver v0.18.0-alpha.2
[INFO] [stderr]     Checking serde_urlencoded v0.6.1
[INFO] [stderr]     Checking toml v0.5.6
[INFO] [stderr]     Checking actix-router v0.2.4
[INFO] [stderr]     Checking actix-connect v1.0.2
[INFO] [stderr]     Checking askama_shared v0.10.4
[INFO] [stderr]     Checking actix-http v1.0.1
[INFO] [stderr]     Checking awc v1.0.1
[INFO] [stderr]     Checking actix v0.9.0
[INFO] [stderr]    Compiling askama_derive v0.10.3
[INFO] [stderr]     Checking actix-web v2.0.0
[INFO] [stderr]     Checking askama v0.10.3
[INFO] [stderr]     Checking db-exp v0.1.0 (/opt/rustwide/workdir)
[INFO] [stdout] error[E0432]: unresolved import `actix_web::fs`
[INFO] [stdout]  --> src/main.rs:2:16
[INFO] [stdout]   |
[INFO] [stdout] 2 | use actix_web::fs::StaticFiles;
[INFO] [stdout]   |                ^^ could not find `fs` in `actix_web`
[INFO] [stdout] 
[INFO] [stdout] 
[INFO] [stdout] error[E0432]: unresolved imports `actix_web::AsyncResponder`, `actix_web::State`
[INFO] [stdout]  --> src/handlers/dashboard.rs:4:17
[INFO] [stdout]   |
[INFO] [stdout] 4 | use actix_web::{AsyncResponder, Error, HttpResponse, State};
[INFO] [stdout]   |                 ^^^^^^^^^^^^^^                       ^^^^^ no `State` in the root
[INFO] [stdout]   |                 |
[INFO] [stdout]   |                 no `AsyncResponder` in the root
[INFO] [stdout] 
[INFO] [stdout] 
[INFO] [stdout] error[E0603]: module `server` is private
[INFO] [stdout]   --> src/main.rs:3:35
[INFO] [stdout]    |
[INFO] [stdout] 3  | use actix_web::{http, middleware, server, App};
[INFO] [stdout]    |                                   ^^^^^^ private module
[INFO] [stdout]    |
[INFO] [stdout] note: the module `server` is defined here
[INFO] [stdout]   --> /opt/rustwide/cargo-home/registry/src/github.com-1ecc6299db9ec823/actix-web-2.0.0/src/lib.rs:97:1
[INFO] [stdout]    |
[INFO] [stdout] 97 | mod server;
[INFO] [stdout]    | ^^^^^^^^^^^
[INFO] [stdout] 
[INFO] [stdout] 
[INFO] [stdout] warning: trait objects without an explicit `dyn` are deprecated
[INFO] [stdout]   --> src/handlers/dashboard.rs:42:54
[INFO] [stdout]    |
[INFO] [stdout] 42 | pub fn show_dashboard(state: State<AppState>) -> Box<Future<Item = HttpResponse, Error = Error>> {
[INFO] [stdout]    |                                                      ^^^^^^^^^^^^^^^^^^^^^^^^^^^^^^^^^^^^^^^^^^ help: use `dyn`: `dyn Future<Item = HttpResponse, Error = Error>`
[INFO] [stdout]    |
[INFO] [stdout]    = note: `#[warn(bare_trait_objects)]` on by default
[INFO] [stdout] 
[INFO] [stdout] 
[INFO] [stdout] error[E0432]: unresolved import `actix_web::fs`
[INFO] [stdout]  --> src/main.rs:2:16
[INFO] [stdout]   |
[INFO] [stdout] 2 | use actix_web::fs::StaticFiles;
[INFO] [stdout]   |                ^^ could not find `fs` in `actix_web`
[INFO] [stdout] 
[INFO] [stdout] 
[INFO] [stdout] error[E0432]: unresolved imports `actix_web::AsyncResponder`, `actix_web::State`
[INFO] [stdout]  --> src/handlers/dashboard.rs:4:17
[INFO] [stdout]   |
[INFO] [stdout] 4 | use actix_web::{AsyncResponder, Error, HttpResponse, State};
[INFO] [stdout]   |                 ^^^^^^^^^^^^^^                       ^^^^^ no `State` in the root
[INFO] [stdout]   |                 |
[INFO] [stdout]   |                 no `AsyncResponder` in the root
[INFO] [stdout] 
[INFO] [stdout] 
[INFO] [stdout] error[E0603]: module `server` is private
[INFO] [stdout]   --> src/main.rs:3:35
[INFO] [stdout]    |
[INFO] [stdout] 3  | use actix_web::{http, middleware, server, App};
[INFO] [stdout]    |                                   ^^^^^^ private module
[INFO] [stdout]    |
[INFO] [stdout] note: the module `server` is defined here
[INFO] [stdout]   --> /opt/rustwide/cargo-home/registry/src/github.com-1ecc6299db9ec823/actix-web-2.0.0/src/lib.rs:97:1
[INFO] [stdout]    |
[INFO] [stdout] 97 | mod server;
[INFO] [stdout]    | ^^^^^^^^^^^
[INFO] [stdout] 
[INFO] [stdout] 
[INFO] [stdout] warning: trait objects without an explicit `dyn` are deprecated
[INFO] [stdout]   --> src/handlers/dashboard.rs:42:54
[INFO] [stdout]    |
[INFO] [stdout] 42 | pub fn show_dashboard(state: State<AppState>) -> Box<Future<Item = HttpResponse, Error = Error>> {
[INFO] [stdout]    |                                                      ^^^^^^^^^^^^^^^^^^^^^^^^^^^^^^^^^^^^^^^^^^ help: use `dyn`: `dyn Future<Item = HttpResponse, Error = Error>`
[INFO] [stdout]    |
[INFO] [stdout]    = note: `#[warn(bare_trait_objects)]` on by default
[INFO] [stdout] 
[INFO] [stdout] 
[INFO] [stdout] error[E0220]: associated type `Item` not found for `futures::Future`
[INFO] [stdout]   --> src/handlers/dashboard.rs:42:61
[INFO] [stdout]    |
[INFO] [stdout] 42 | pub fn show_dashboard(state: State<AppState>) -> Box<Future<Item = HttpResponse, Error = Error>> {
[INFO] [stdout]    |                                                             ^^^^ associated type `Item` not found
[INFO] [stdout] 
[INFO] [stdout] 
[INFO] [stdout] error[E0220]: associated type `Item` not found for `futures::Future`
[INFO] [stdout]   --> src/handlers/dashboard.rs:42:61
[INFO] [stdout]    |
[INFO] [stdout] 42 | pub fn show_dashboard(state: State<AppState>) -> Box<Future<Item = HttpResponse, Error = Error>> {
[INFO] [stdout]    |                                                             ^^^^ associated type `Item` not found
[INFO] [stdout] 
[INFO] [stdout] 
[INFO] [stdout] error[E0220]: associated type `Error` not found for `futures::Future`
[INFO] [stdout]   --> src/handlers/dashboard.rs:42:82
[INFO] [stdout]    |
[INFO] [stdout] 42 | pub fn show_dashboard(state: State<AppState>) -> Box<Future<Item = HttpResponse, Error = Error>> {
[INFO] [stdout]    |                                                                                  ^^^^^ associated type `Error` not found
[INFO] [stdout] 
[INFO] [stdout] 
[INFO] [stdout] error[E0220]: associated type `Error` not found for `futures::Future`
[INFO] [stdout]   --> src/handlers/dashboard.rs:42:82
[INFO] [stdout]    |
[INFO] [stdout] 42 | pub fn show_dashboard(state: State<AppState>) -> Box<Future<Item = HttpResponse, Error = Error>> {
[INFO] [stdout]    |                                                                                  ^^^^^ associated type `Error` not found
[INFO] [stdout] 
[INFO] [stdout] 
[INFO] [stdout] error[E0191]: the value of the associated type `Output` (from trait `futures::Future`) must be specified
[INFO] [stdout]   --> src/handlers/dashboard.rs:42:54
[INFO] [stdout]    |
[INFO] [stdout] 42 | pub fn show_dashboard(state: State<AppState>) -> Box<Future<Item = HttpResponse, Error = Error>> {
[INFO] [stdout]    |                                                      ^^^^^^^^^^^^^^^^^^^^^^^^^^^^^^^^^^^^^^^^^^ help: specify the associated type: `Future<Item = HttpResponse, Error = Error, Output = Type>`
[INFO] [stdout] 
[INFO] [stdout] 
[INFO] [stdout] error[E0191]: the value of the associated type `Output` (from trait `futures::Future`) must be specified
[INFO] [stdout]   --> src/handlers/dashboard.rs:42:54
[INFO] [stdout]    |
[INFO] [stdout] 42 | pub fn show_dashboard(state: State<AppState>) -> Box<Future<Item = HttpResponse, Error = Error>> {
[INFO] [stdout]    |                                                      ^^^^^^^^^^^^^^^^^^^^^^^^^^^^^^^^^^^^^^^^^^ help: specify the associated type: `Future<Item = HttpResponse, Error = Error, Output = Type>`
[INFO] [stdout] 
[INFO] [stdout] 
[INFO] [stdout] error: aborting due to 6 previous errors; 1 warning emitted
[INFO] [stdout] 
[INFO] [stdout] 
[INFO] [stdout] Some errors have detailed explanations: E0191, E0220, E0432, E0603.
[INFO] [stdout] 
[INFO] [stdout] error: aborting due to 6 previous errors; 1 warning emitted
[INFO] [stdout] 
[INFO] [stdout] 
[INFO] [stdout] For more information about an error, try `rustc --explain E0191`.
[INFO] [stdout] 
[INFO] [stdout] Some errors have detailed explanations: E0191, E0220, E0432, E0603.
[INFO] [stdout] 
[INFO] [stdout] For more information about an error, try `rustc --explain E0191`.
[INFO] [stdout] 
[INFO] [stderr] error: could not compile `db-exp`.
[INFO] [stderr] 
[INFO] [stderr] To learn more, run the command again with --verbose.
[INFO] [stderr] warning: build failed, waiting for other jobs to finish...
[INFO] [stderr] error: build failed
[INFO] running `Command { std: "docker" "inspect" "1f36b8dd12239a4b9b6e4061b91079368ad298134ef988ebf99e3859074baa0c", kill_on_drop: false }`
[INFO] running `Command { std: "docker" "rm" "-f" "1f36b8dd12239a4b9b6e4061b91079368ad298134ef988ebf99e3859074baa0c", kill_on_drop: false }`
[INFO] [stdout] 1f36b8dd12239a4b9b6e4061b91079368ad298134ef988ebf99e3859074baa0c
